60*l - 5643 = -65*l + n, -4*l = 4*n - 4548. Let o = -15 + 25. Calculate the greatest common factor of l and o.
10
Let a(c) = 37*c**2 + 4*c + 2. Let y be a(-1). Suppose 0*v = -3*v + 735. Calculate the highest common factor of v and y.
35
Suppose -u = -5*f + 21, 0 = -f + 3*u + 51 - 44. What is the greatest common divisor of f and 3092?
4
Let u be (54864/45)/12 - (-6)/15. What is the highest common divisor of 1700 and u?
34
Let k = 169 - 162. Suppose 47 = 2*w + k. What is the greatest common factor of 50 and w?
10
Let d(f) = -f**3 + 134*f**2 - 229*f - 1287. Let u be d(132). Calculate the greatest common divisor of 88 and u.
11
Suppose -2084 = -17*v - 537. What is the highest common factor of v and 7371?
91
Let h(v) = 124*v - 668. Let n be h(7). What is the greatest common divisor of 350 and n?
50
Let k(l) = l**3 - 41*l**2 + 82*l + 39. Let c be k(39). What is the highest common factor of 195 and c?
195
Suppose g + 86 = -2*r - 3*r, r - g = -22. Let v be 30/r*54/(-15). Let t = 232 - 230. What is the greatest common divisor of v and t?
2
Let f(x) = -75*x + 751. Let k be f(-3). What is the greatest common factor of k and 16?
16
Let x = 5122 - 5112. Let f = 2 - -3. Let v(m) = m**3 - 3*m**2 - m + 5. Let y be v(f). Calculate the greatest common divisor of y and x.
10
Let w = -9416 + 10725. Calculate the highest common divisor of 1547 and w.
119
Suppose -3*y = v - 890, 3*y + 1 = -8. Let l = v - 531. What is the greatest common factor of 46 and l?
46
Let f be ((-3)/(54/(-132)))/((-6)/9). Let t(o) = -o**2 + 8*o + 269. Let l be t(f). What is the highest common factor of l and 540?
60
Let r(n) be the second derivative of n**4/12 + n**3/6 + 5*n**2/2 - 17*n. Let f be r(-3). Calculate the greatest common factor of f and 22.
11
Let q = -24 + 18. Let g(y) = 9*y + 58. Let z be g(q). Calculate the greatest common factor of z and 28.
4
Suppose -6*l + 10 = 4. Let x be 10/(-20) - l/((-2)/41). Let q be -17 + x - -3*4/(-6). What is the greatest common divisor of q and 9?
1
Let c be 95769/351 - (-1 - -4)*20/(-390). What is the highest common divisor of c and 507?
39
Let q(o) = -518*o**3 - 35*o**2 + o + 1. Let s be q(-1). Calculate the greatest common factor of 2208 and s.
69
Let m = -53 - -74. Suppose 19*x + 34*x = 3*x + 24150. Calculate the greatest common factor of m and x.
21
Let o(b) = b**2 - 2*b - 2. Let x be o(-2). Suppose 9*w - x = 8*w. Suppose -w*a - 5 = -7*a. What is the greatest common factor of a and 40?
5
Suppose 0 = -n + 4*l + 648, -3*n + 2040 = -3*l + 7*l. Calculate the greatest common divisor of 21 and n.
21
Let w be 259/185 + 2469/15. What is the highest common divisor of 22 and w?
2
Let b(v) = -v**3 + 35*v - 1. Let i be b(5). Suppose m - 275 = -5*s, s - 46 = -0*m - 2*m. What is the greatest common divisor of i and s?
7
Let o be (-8)/14*(-18837)/828. Let x be 638 + 6/(-2) + 2. What is the greatest common divisor of x and o?
13
Let u be 17/68 + (-2083)/(-4). Let v = 556 - u. What is the greatest common divisor of v and 77?
7
Let u = -9198 - -9278. What is the highest common divisor of 2120 and u?
40
Let w = 456 + -461. Let p = 35 - 65. Let z = w - p. What is the greatest common divisor of z and 10?
5
Let u(g) = g**3 - g**2 + 200. Let l be u(0). Let b = 46830 - 46806. Calculate the highest common divisor of b and l.
8
Let p(b) = 5*b + 17. Let g = 9 - 12. Let o be p(g). Suppose o*s + 18 = 192. What is the greatest common factor of 58 and s?
29
Suppose 5*i - 4*h = 932, 110 - 913 = -4*i - 5*h. Calculate the highest common factor of 1944 and i.
24
Suppose -2*w + 5*p = -0*w - 281, 2*w - 266 = 2*p. Let l(s) = 195*s + 203. Let n be l(-1). Calculate the greatest common factor of w and n.
8
Let u(g) = 10*g**2 - 3*g - 9. Let t be 1 - 12/3*1. Let w be u(t). Suppose -y = -7*y + w. What is the highest common divisor of 135 and y?
15
Let r = -8 - -11. Suppose -4*x + r*x + 35 = 0. Suppose -7951 = -53*q + 10599. Calculate the highest common factor of q and x.
35
Suppose 2 = -2*v - 4, 0 = -3*z - v - 231. Let u = z + 131. Let d be (-480)/(-216) + (-4)/18 - -9. Calculate the highest common factor of u and d.
11
Let r(c) = 4*c**2 - 23*c - 1. Let f be r(6). Let o(b) = -b**3 + 6*b**2 - 5*b + 8. Let g be o(f). Calculate the highest common divisor of g and 152.
8
Let z = 40 + -33. Let s(r) = r**2 - 29. Let j be s(z). Suppose j = 5*m, -3*m + 166 = -h + 3*h. What is the greatest common factor of h and 7?
7
Let l be ((-286)/91)/((-2)/3836). Calculate the highest common factor of 44 and l.
44
Let s(n) = n**2 + n - 78. Let q be s(18). Calculate the highest common divisor of q and 16.
8
Suppose 48459 = 28*y - 15331 - 13798. What is the highest common factor of y and 815?
163
Let d(a) = -703*a - 2096. Let r be d(-3). Let b be (-3 + 2)/((-1)/3). Suppose 0*p = b*p - 312. Calculate the highest common divisor of p and r.
13
Let o(p) = -16*p - 48. Let v be o(-3). Suppose v = 10*x + x - 44. What is the highest common factor of x and 108?
4
Suppose -4*l = -12, -8*l + 10*l + 3362 = j. Calculate the highest common divisor of j and 8.
8
Suppose -2*u = 2*u + 5*j - 470, 592 = 5*u + 4*j. Let p = -1600 - -1690. What is the highest common factor of p and u?
30
Let i(f) = f**2 + 2*f + 20. Let u be i(-8). Let o = 72 - u. Suppose o*t - 496 = -0*h + 4*h, 5*h - 10 = 0. What is the highest common factor of 18 and t?
18
Let q be ((-680)/272)/((-10)/252). Let d = 10 - 8. Suppose j - d*m + 2 = 1, -j + 19 = 3*m. What is the greatest common factor of j and q?
7
Let c = -28 + 61. Suppose -4*f = 7*f - c. Let h = 31 + 2. What is the greatest common divisor of h and f?
3
Let g(i) = -55*i - 4165. Let d be g(-105). Calculate the greatest common factor of d and 5060.
230
Let s = -3969 - -4140. What is the highest common divisor of s and 4275?
171
Let h(i) = -550*i - 2695. Let n be h(-5). Let x be ((-1)/2)/(1/(-10)). Calculate the greatest common factor of x and n.
5
Let x(k) = 19*k + 3. Let s be x(5). Let q be ((-1932)/77)/(2/(-11)). Suppose 2 = 10*w - q. Calculate the highest common divisor of s and w.
14
Let y = 26255 - 25814. What is the greatest common factor of 735 and y?
147
Let n(m) be the third derivative of -m**5/60 - m**4/24 + 55*m**3/6 - 43*m**2 - m. Let d be n(0). Calculate the highest common divisor of d and 22.
11
Let s(p) = -29*p - 142. Let w(u) = 32*u + 141. Let x(b) = -7*s(b) - 6*w(b). Let n be x(-4). Calculate the highest common divisor of n and 91.
13
Suppose 285*c - 451631 = 289654. Calculate the highest common factor of 187 and c.
17
Suppose 5*u = 17482 - 17352. What is the greatest common factor of u and 46?
2
Let o = -7240 + 8553. Calculate the greatest common factor of 65 and o.
13
Suppose -12 = 5*y - 3*y. Let l(j) = -33*j + 27. Let d be l(y). What is the greatest common factor of d and 75?
75
Let w = 899 - 474. Suppose -454*p = -451*p - 75. Calculate the greatest common divisor of p and w.
25
Suppose 3*q - 2*g = 2*q + 39 - 1, 4*g = 0. What is the highest common divisor of 4427 and q?
19
Let p = 1020 - 594. Suppose -29*w + p = 3*h - 26*w, -4*h + 2*w = -544. What is the highest common divisor of h and 69?
69
Suppose -5*q + 2082 = 392. Let y = 28053 - 28001. Calculate the greatest common factor of y and q.
26
Let n = -80 - -105. Let p = 351 - -24. Calculate the highest common divisor of p and n.
25
Let s = -3 - -7. Suppose -2*d - s*d = -54. Suppose 2*b + 2*r = d + 7, r - 32 = -4*b. What is the greatest common divisor of b and 64?
8
Suppose -3*o + 6 = -3*m, m - 19 = -2*o - 0*m. Let u = 11 + o. Let k = 808 - 806. Calculate the greatest common divisor of u and k.
2
Let j be ((-36)/15)/(((-88)/2255)/4). What is the greatest common factor of j and 6?
6
Let o be ((-3470)/(-50) + -13)/((-1)/5*-3). What is the greatest common factor of o and 9353?
47
Suppose 5*z - 815 = -4*p, -p + 3*z + 272 - 47 = 0. Calculate the greatest common factor of 1134 and p.
42
Suppose 7*t + 27*t - 188367 = -3*t. Calculate the highest common factor of 3 and t.
3
Let j be 1388630/130 + (-9)/(-39). What is the greatest common factor of j and 109?
109
Suppose -4*w = -2*v - 44, 3*w + 9 = 4*v + 87. Let a(i) = 3*i + 86. Let z be a(v). What is the highest common factor of 2 and z?
2
Let o(z) = -16*z - 67. Let w be o(-4). Let r(k) = 33*k + 118. Let u be r(w). What is the greatest common divisor of 494 and u?
19
Let y be (1/(-5))/(((-